57 composite?
True
Is 192873876395 a prime number?
False
Is 51755115353 a composite number?
False
Is 10677773999 a composite number?
False
Is 420194851 a composite number?
True
Is 51005249 composite?
False
Is 57053153 prime?
False
Is 150919091449 prime?
False
Is 2014855897 a composite number?
True
Is 709721791 prime?
True
Is 18318356713 composite?
False
Is 231518153 composite?
True
Is 36383608237 composite?
True
Is 4058748035 prime?
False
Is 2776778771 prime?
False
Is 140166678593 prime?
False
Is 290349517 prime?
True
Is 6116556877 prime?
False
Is 125629524767 composite?
True
Is 64732265539 a composite number?
True
Is 18391155121 prime?
False
Is 16414055461 prime?
True
Is 1137050963 a prime number?
True
Is 1281712769 composite?
False
Is 18895706417 composite?
True
Is 53821213 prime?
True
Is 11873021189 composite?
True
Is 49452157 prime?
True
Is 42645711553 a composite number?
False
Is 1597783178 a prime number?
False
Is 414960281 prime?
False
Is 9055025071 a prime number?
True
Is 3738852079 a composite number?
True
Is 13005669379 a prime number?
True
Is 359233729 a prime number?
False
Is 73253699 composite?
True
Is 14385872507 composite?
False
Is 1694134501 a composite number?
True
Is 3842330449 a prime number?
False
Is 6123091857 a composite number?
True
Is 832240921 composite?
False
Is 5735899831 prime?
False
Is 198118979 prime?
False
Is 89994529 a composite number?
True
Is 1297581553 a prime number?
True
Is 61479541433 composite?
False
Is 1973914167 prime?
False
Is 8714802706 composite?
True
Is 9483077605 a prime number?
False
Is 458516921 prime?
True
Is 689251699 composite?
False
Is 33377027821 prime?
False
Is 300883301 composite?
True
Is 51597272603 composite?
False
Is 47278674163 a composite number?
True
Is 45138640567 a prime number?
False
Is 345693653 a prime number?
True
Is 2585367097 a prime number?
True
Is 3899316949 a composite number?
True
Is 609503977 a prime number?
False
Is 77601523741 a composite number?
True
Is 134356662841 a prime number?
True
Is 64610537 a composite number?
True
Is 257751730133 prime?
True
Is 3809559899 prime?
False
Is 1044711389 composite?
True
Is 3154194791 prime?
False
Is 598767859 composite?
False
Is 724374089 prime?
True
Is 2225805927 a composite number?
True
Is 6238653209 a prime number?
False
Is 21278237 composite?
True
Is 228367378 prime?
False
Is 2016846301 a composite number?
True
Is 46602659911 a composite number?
True
Is 68505108031 composite?
True
Is 2397587 prime?
True
Is 1449819829 a composite number?
True
Is 161688881 composite?
True
Is 17676795281 a prime number?
True
Is 7191158161 prime?
False
Is 594500009 composite?
True
Is 101423067233 a composite number?
False
Is 2063198069 prime?
False
Is 25355569873 prime?
False
Is 68524799 composite?
True
Is 3051130031 composite?
True
Is 31475901649 a composite number?
True
Is 7720952111 prime?
True
Is 52591131973 prime?
True
Is 12408649901 prime?
False
Is 2000764621 a composite number?
True
Is 1456210837 a prime number?
False
Is 44218072189 composite?
True
Is 94267589057 prime?
True
Is 35116974017 a composite number?
True
Is 3083877553 composite?
True
Is 1411383989 a prime number?
False
Is 48976200083 a prime number?
False
Is 72344383819 composite?
False
Is 25319627527 composite?
True
Is 45986392679 composite?
True
Is 230259749 prime?
False
Is 359626699 prime?
False
Is 15483679 composite?
True
Is 32262294287 composite?
True
Is 237059411 prime?
False
Is 170987629 composite?
True
Is 88884486793 a prime number?
True
Is 814157053 a prime number?
True
Is 1740970979 a composite number?
True
Is 16237597261 composite?
True
Is 5089786693 composite?
False
Is 73845029 composite?
False
Is 1590398141 composite?
True
Is 58951007981 a composite number?
False
Is 8401121021 a prime number?
False
Is 487774997 a composite number?
False
Is 5794519553 prime?
True
Is 3294721739 composite?
False
Is 2988397507 prime?
True
Is 2353779763 a composite number?
False
Is 3816391637 a prime number?
True
Is 9075949301 a composite number?
True
Is 5289420007 a composite number?
True
Is 1315935683 a prime number?
True
Is 23200265567 a prime number?
True
Is 531858337 prime?
False
Is 5558196626 prime?
False
Is 22604987651 a composite number?
True
Is 3227171909 a prime number?
False
Is 1291690469 a composite number?
False
Is 1948795813 prime?
True
Is 3469076629 prime?
False
Is 13604818363 prime?
False
Is 101831277029 prime?
True
Is 28040078959 a prime number?
False
Is 177825624589 a prime number?
False
Is 6119269733 a prime number?
True
Is 78458867427 prime?
False
Is 545212861 prime?
False
Is 560468989 a composite number?
True
Is 1562662841 prime?
True
Is 12171527 a prime number?
True
Is 3723815729 a composite number?
True
Is 19952596423 composite?
True
Is 177048528677 prime?
False
Is 56118033601 a prime number?
False
Is 642633739 a composite number?
True
Is 3867433307 a prime number?
True
Is 1678855957 composite?
True
Is 2630001959 a prime number?
False
Is 16652389129 prime?
False
Is 14417564429 a prime number?
True
Is 2753252317 a prime number?
True
Is 13702912799 a prime number?
True
Is 94007267 prime?
False
Is 4551145583 a composite number?
False
Is 711611557 prime?
True
Is 752565421 a prime number?
False
Is 936818873 composite?
True
Is 58207272353 a prime number?
False
Is 82365128746 a prime number?
False
Is 2272019257 prime?
False
Is 6862883567 a composite number?
False
Is 17931689 a composite number?
True
Is 1052246158 a prime number?
False
Is 67512725057 prime?
True
Is 1241524577 composite?
True
Is 65047669 prime?
False
Is 3995132189 prime?
True
Is 368595755635 a composite number?
True
Is 520384919 composite?
False
Is 15503599513 a prime number?
False
Is 15596449919 a composite number?
True
Is 1093544077 a prime number?
False
Is 168329309 composite?
True
Is 452656667 prime?
False
Is 11335752451 composite?
False
Is 568946801 prime?
False
Is 36977937067 a prime number?
True
Is 4442687783 a composite number?
False
Is 2517875881 a composite number?
True
Is 4581433471 prime?
False
Is 1259533157 a prime number?
False
Is 1089036887 composite?
True
Is 4506946723 a prime number?
True
Is 11400898669 prime?
False
Is 199857585589 a prime number?
False
Is 56269363 a prime number?
True
Is 15043751297 a composite number?
False
Is 53135090653 composite?
True
Is 672240409 a prime number?
False
Is 18948160519 a prime number?
True
Is 3439944349 a composite number?
True
Is 2122472741 a composite number?
False
Is 34252949 composite?
False
Is 221312167 composite?
False
Is 7048660813 prime?
True
Is 10666987 a prime number?
True
Is 163198391999 a prime number?
True
Is 81044191 prime?
True
Is 420537701 composite?
True
Is 1887021757 a composite number?
False
Is 2585683753 a composite number?
False
Is 284587697 prime?
True
Is 38360122165 a composite number?
True
Is 25961968069 prime?
False
Is 51654965779 prime?
True
Is 2533043623 a composite number?
True
Is 92717741 a prime number?
False
Is 550187249 a prime number?
True
Is 3151829341 composite?
True
Is 32536291693 prime?
False
Is 4617724829 a prime number?
False
Is 15017215993 a prime number?
False
Is 33408503899 a prime number?
True
Is 16584051959 prime?
True
Is 1919656141 prime?
False
Is 16236811 prime?
False
Is 897814817 a prime number?
False
Is 140711903617 a composite number?
True
Is 11094684607 a composite number?
True
Is 329545453 a prime number?
True
Is 56584554241 composite?
True
Is 550950157 prime?
False
Is 1458786169 composite?
True
Is 463043351 a prime number?
False
Is 19360978193 a composite number?
True
Is 3105649319 prime?
False
Is 30941652251 a composite number?
False
Is 88870945513 prime?
False
Is 22586174071 prime?
True
Is 190338643 a composite number?
True
Is 14569151147 a composite number?
True
Is 4508641487 a composite number?
True
Is 1383713543 prime?
False
Is 305515085 composite?
True
Is 13732250837 a prime number?
False
Is 110133318101 prime?
False
Is 2699522207 prime?
True
Is 9642610463 a composite number?
False
Is 48636874373 a prime number?
True
Is 150502843 a composite number?
True
Is 24035613499 a composite number?
False
Is 131775571 a composite number?
False
Is 28805348503 a prime number?
True
Is 12106115683 a prime number?
True
Is 1282997831 a composite number?
True
Is 98640383 a prime number?
False
Is 1659084151 a prim